{"id":9,"date":"2011-04-19T10:39:14","date_gmt":"2011-04-19T13:39:14","guid":{"rendered":"http:\/\/g1assessoria.com.br\/site\/?page_id=9"},"modified":"2012-02-02T23:43:12","modified_gmt":"2012-02-03T02:43:12","slug":"servicos","status":"publish","type":"page","link":"https:\/\/g1assessoria.com.br\/site\/servicos\/","title":{"rendered":"Servi\u00e7os"},"content":{"rendered":"<div class='et-learn-more clearfix'>\n\t\t\t\t\t<h3 class='heading-more'>DEPARTAMENTO CONT\u00c1BIL<span class='et_learnmore_arrow'><span><\/span><\/span><\/h3>\n\t\t\t\t\t<div class='learn-more-content'>-Escritura\u00e7\u00e3o de livros cont\u00e1beis e comerciais;<\/p>\n<p>-Organiza\u00e7\u00e3o, classifica\u00e7\u00e3o e processamentos dos documentos cont\u00e1beis;<\/p>\n<p>-Demonstra\u00e7\u00f5es financeiras: elabora\u00e7\u00e3o com observ\u00e2ncia aos princ\u00edpios cont\u00e1beis, normas estabelecidas e a legisla\u00e7\u00e3o vigente;<\/p>\n<p>-An\u00e1lise de consist\u00eancia de saldos cont\u00e1beis: concilia\u00e7\u00f5es e composi\u00e7\u00f5es;<\/div>\n\t\t\t\t<\/div>\n<p>&nbsp;<\/p>\n<div class='et-learn-more clearfix'>\n\t\t\t\t\t<h3 class='heading-more'>DEPARTAMENTO FISCAL<span class='et_learnmore_arrow'><span><\/span><\/span><\/h3>\n\t\t\t\t\t<div class='learn-more-content'>-Escritura\u00e7\u00e3o de livros fiscais;<\/p>\n<p>-Apura\u00e7\u00e3o e controle dos impostos federais, estaduais e municipais;<\/p>\n<p>-Elabora\u00e7\u00e3o da declara\u00e7\u00e3o do imposto de renda para empresas e pessoas f\u00edsicas;<\/p>\n<p>-Elabora\u00e7\u00e3o, controle e remessa das obriga\u00e7\u00f5es fiscais;<\/p>\n<p>-Atendimento das obriga\u00e7\u00f5es acess\u00f3rias;<\/div>\n\t\t\t\t<\/div>\n<p>&nbsp;<\/p>\n<div class='et-learn-more clearfix'>\n\t\t\t\t\t<h3 class='heading-more'>DEPARTAMENTO PESSOAL<span class='et_learnmore_arrow'><span><\/span><\/span><\/h3>\n\t\t\t\t\t<div class='learn-more-content'>-Cadastro e manuten\u00e7\u00e3o de registro de empregados;<\/p>\n<p>-Elabora\u00e7\u00e3o da folha de pagamentos;<\/p>\n<p>-Manuten\u00e7\u00e3o e controle sobre a concess\u00e3o e pagamento de f\u00e9rias normais ou coletivas \u00e0 empregados;<\/p>\n<p>-Elabora\u00e7\u00e3o das recis\u00f5es e GRFC e o acompanhamento junto ao Minist\u00e9rio do Trabalho e Sindicatos;<\/p>\n<p>-Acompanhamento de acordos e diss\u00eddios coletivos;<\/p>\n<p>-Atualiza\u00e7\u00e3o constante da CLT;<\/div>\n\t\t\t\t<\/div>\n<p>&nbsp;<\/p>\n<div class='et-learn-more clearfix'>\n\t\t\t\t\t<h3 class='heading-more'>DEPARTAMENTO SOCIET\u00c1RIO \/ TRIBUT\u00c1RIO<span class='et_learnmore_arrow'><span><\/span><\/span><\/h3>\n\t\t\t\t\t<div class='learn-more-content'>-Constitui\u00e7\u00e3o de empresas;<\/p>\n<p>-Altera\u00e7\u00f5es contratuais;<\/p>\n<p>-Encerramento de empresas;<\/p>\n<p>-Parcelamento de d\u00e9bitos;<\/p>\n<p>-Levantamento de cr\u00e9ditos;<\/p>\n<p>-Estudo para formula\u00e7\u00e3o de objetivos;<\/p>\n<p>-Otimiza\u00e7\u00e3o do perfil para recolhimento dos tributos;<\/p>\n<p>-Determina\u00e7\u00f5es de prioridades de economia tribut\u00e1ria.<\/div>\n\t\t\t\t<\/div>\n","protected":false},"excerpt":{"rendered":"<p>Conhe\u00e7a todos os nossos servi\u00e7os e o que podemos fazer por sua empresa.<\/p>\n","protected":false},"author":1,"featured_media":0,"parent":0,"menu_order":0,"comment_status":"open","ping_status":"open","template":"","meta":{"_aioseo_title":"Servi\u00e7os - Assessoria Contabilidade Goi\u00e2nia","_aioseo_description":"Conhe\u00e7a todos os nossos servi\u00e7os e o que podemos fazer por sua empresa.","_joinchat":[],"footnotes":""},"class_list":["post-9","page","type-page","status-publish"],"_links":{"self":[{"href":"https:\/\/g1assessoria.com.br\/site\/wp-json\/wp\/v2\/pages\/9","targetHints":{"allow":["GET"]}}],"collection":[{"href":"https:\/\/g1assessoria.com.br\/site\/wp-json\/wp\/v2\/pages"}],"about":[{"href":"https:\/\/g1assessoria.com.br\/site\/wp-json\/wp\/v2\/types\/page"}],"author":[{"embeddable":true,"href":"https:\/\/g1assessoria.com.br\/site\/wp-json\/wp\/v2\/users\/1"}],"replies":[{"embeddable":true,"href":"https:\/\/g1assessoria.com.br\/site\/wp-json\/wp\/v2\/comments?post=9"}],"version-history":[{"count":0,"href":"https:\/\/g1assessoria.com.br\/site\/wp-json\/wp\/v2\/pages\/9\/revisions"}],"wp:attachment":[{"href":"https:\/\/g1assessoria.com.br\/site\/wp-json\/wp\/v2\/media?parent=9"}],"curies":[{"name":"wp","href":"https:\/\/api.w.org\/{rel}","templated":true}]}}